**5/20 - h**4/6 - 5*h**3/6 + 3*h**2/2 - 6*h - 10. Let o be -3*-2*(-1)/2. List the prime factors of m(o).
3
Suppose -6467 - 6123 = -u + i, -4*i + 12590 = u. List the prime factors of u.
2, 5, 1259
Let h = 180953 + -122625. List the prime factors of h.
2, 23, 317
Let u = -12843 - -18048. What are the prime factors of u?
3, 5, 347
Suppose 0*f - f - 139 = -2*x, -4*x + f = -281. Suppose 100 = 3*g - x. List the prime factors of g.
3, 19
Let j = -141 - -171. Let v = -6 + j. Let f = v - -199. List the prime factors of f.
223
Let u(a) = a**3 - 10*a**2 - 27*a - 73. List the prime factors of u(16).
1031
Let k be (4 - (5 - 0)) + 5. Let f be k/(1 - -1)*1737/(-18). Let w = 319 + f. List the prime factors of w.
2, 3, 7
What are the prime factors of 33535/(-2)*90/(-225)?
19, 353
Let w(d) = -12*d**2 - 4 - 3*d + 2*d**3 - 3 - 9 - 3*d**3. List the prime factors of w(-13).
2, 3
Let z(y) = -2*y**2 - 15*y + 33. Let q be z(-9). List the prime factors of 9 + q + -8 - -1445.
2, 3, 11
Let q = 145 - 141. Suppose -q*j = -m - 1836, -2*m - 2*m = -16. What are the prime factors of j?
2, 5, 23
Suppose -223 = -8*f - 583. Let p = f + 94. Let g = 78 - p. List the prime factors of g.
29
Let d(x) = 2559*x**2 + 61*x + 195. List the prime factors of d(-4).
5, 8179
Let s be -8 - (-3 + 0/(-2)). What are the prime factors of (616/(-10))/(s/25)?
2, 7, 11
Let u(m) = -668*m + 1037. What are the prime factors of u(-8)?
3, 709
Suppose 5*q + 0*w = 2*w + 5, 4*w - 20 = 0. Let m be (5355/(-60))/(q/(-16)). What are the prime factors of (m/7)/(2/1)?
2, 17
Let p(z) = 82*z + 61 + 116*z - 13. List the prime factors of p(3).
2, 3, 107
Suppose -102 + 54 = -2*t. What are the prime factors of (-3 - (-1151)/(-2))/(t/(-48))?
13, 89
Let v(s) = 60*s**2 + 98*s - 1424. List the prime factors of v(13).
2, 3, 5, 37
Suppose 162*o - 45*o = 756054. What are the prime factors of o?
2, 3, 359
Let t = 6 + -33. Let n = 31 + t. Suppose n*h = 8, -3*h - 238 = -2*q - 86. What are the prime factors of q?
79
Let y = 18648 - 12016. Suppose 24*t + y = 32768. List the prime factors of t.
3, 11
Suppose 11*n + 14372 + 12028 = 0. Let m = n + 3708. What are the prime factors of m?
2, 3, 109
Suppose -97*m + 1905522 = 691731 - 4491846. What are the prime factors of m?
3, 7, 2801
Let k(i) = -123*i**2. Let c be k(1). Let j = -59 - c. Suppose -4*r + 56 = -0*p + 3*p, -4*r + j = 5*p. List the prime factors of r.
11
Let c(i) = i**3 - 29*i**2 + 39*i - 102. Suppose 228 = 6*b + 54. What are the prime factors of c(b)?
3, 7
Let b(l) = 7*l**2 + l - 10. Let z be b(6). Let t = 557 - z. What are the prime factors of t?
3, 103
Let y be (12/(-24))/((-3)/30). Suppose 3*n = -3*t + 1119, y*n + 1246 + 659 = 5*t. What are the prime factors of t?
13, 29
List the prime factors of (7960 - (6 - 10)) + -10.
2, 41, 97
Let m be (-56)/3*(88/16 - 4). List the prime factors of m*(145/(-20) - -1).
5, 7
Suppose 284543 = 9*f - 5*l + 49320, -4*f - 4*l = -104556. List the prime factors of f.
59, 443
Suppose 0*n = 4*n - 3*v - 48, 3*v - 42 = -2*n. What are the prime factors of 3*(4510/n + -3)?
19, 47
Let a = 8595 - -3424. What are the prime factors of a?
7, 17, 101
Let q = -46093 - -68993. List the prime factors of q.
2, 5, 229
Let j be 2 - ((-16)/28 - (-54)/21). Suppose j = 25*m + 16744 - 50369. List the prime factors of m.
5, 269
Let l(m) be the second derivative of m**5/20 - 7*m**4/12 - 25*m**3/6 + 10*m**2 + m. Let j = -2849 - -2859. List the prime factors of l(j).
2, 5, 7
Let t(m) = m + 53. Let u be t(0). Suppose 23*l = -2 + 2. Suppose -p + 5 + u = l. List the prime factors of p.
2, 29
Suppose 0 = -j + 1, 0 = -2*l + j - 9 - 4. Let z be 4/(8/l) - -4. Suppose 0 = w - z, 0*x = x - 3*w - 84. What are the prime factors of x?
3, 29
Let a be ((671/(-2))/11)/((-1)/38). Let j = a - 746. List the prime factors of j.
7, 59
Let x(g) = g**3 + 8*g**2 + 3*g + 79. Let d be x(-9). Let j = 1829 + d. List the prime factors of j.
2, 3, 5
Suppose 5*z + 2*m = 84331, -2*m - 18564 = -z - 1693. What are the prime factors of z?
101, 167
What are the prime factors of (138/24 + -6)*(-76295 - -15)?
2, 5, 1907
Suppose s = -2 - 4. List the prime factors of 375 - 0/(4 + s).
3, 5
Let v(o) = 12*o**2. Let h be v(1). Let y be 46 - (h/(-1))/(-4). Let x = y + 59. What are the prime factors of x?
2, 3, 17
Let o(m) = 4*m**2 - 10*m + 73. What are the prime factors of o(-33)?
4759
Let w(p) be the third derivative of 0*p + 1/2*p**3 - 1/60*p**5 + 0 - 4*p**2 + 5/12*p**4. List the prime factors of w(10).
3
Let n be 40/6*((-13167)/22)/7. Let q = 592 + n. List the prime factors of q.
2, 11
Let q be 5/(15/321) - -3. Let r = q - -326. Suppose 5*b - r = -a, -3*b + 4*a = -241 - 16. List the prime factors of b.
3, 29
Let s(d) = d**3 + 9*d**2 - 10*d - 1. Let u be s(-10). Suppose -10 = -6*x + 2. What are the prime factors of u/(-4) + x*1355/40?
2, 17
Let z(i) = -i**2 - 23*i - 22. Suppose -5*d + 5*j = 100, 2 - 4 = 2*j. Let c be z(d). Suppose 80 = 3*p - 5*r + c, 2*r = -6. List the prime factors of p.
3, 5
What are the prime factors of ((-4)/(-8))/((-26)/(-4090320))?
2, 3, 5, 19, 23
Let w(b) = 3*b**2 + 18*b + 175. What are the prime factors of w(-26)?
5, 347
Suppose c = 7*c + 78. Let m(z) = z**3 + 14*z**2 + 13*z + 16. Let h be m(c). Let f = 98 - h. What are the prime factors of f?
2, 41
Let v(o) = 70*o - 26. Let p be v(-7). Let t = p - -922. What are the prime factors of t?
2, 7, 29
Suppose 5*i = 5*x - 15, -5*x + 7*x - 6 = 4*i. Suppose -15 = -z + 4*k, -5*z + 6*k + x = 10*k. Suppose z*g - 85 = 77. What are the prime factors of g?
2, 3
Suppose -4*f + 46031 = -5*c, 74285 = 5*f - 4*c + 16735. What are the prime factors of f?
2, 3, 19, 101
Let s(y) = y - 8. Suppose 2*f - 90 = -4*f. Let c be s(f). Suppose -p = 6*a - 2*a - c, -5*a - 60 = -5*p. What are the prime factors of p?
11
Let s(i) = i**2 + 23*i + 111. Let a be s(-8). What are the prime factors of 1380 - 5*a/15?
3, 461
Let j be 164/(-4) - (7 - 12). Let s = 595 - j. What are the prime factors of s?
631
Let b be 2356/16*20/(15/3). Let g = -271 + b. What are the prime factors of g?
2, 3, 53
Let p(o) = 5*o**2 + 19*o + 7. Let f be p(-4). Suppose -4 = -f*s + 29. Suppose -c + s*u = -0*u - 70, -2*c + 160 = -u. What are the prime factors of c?
2, 41
Suppose -9*v - 3*y = -122466, -4*v = 10*y - 13*y - 54438. List the prime factors of v.
2, 3, 7
Let x(r) be the second derivative of r**4/4 + 5*r**3 - 89*r**2/2 + 10*r + 2. List the prime factors of x(-26).
19, 61
What are the prime factors of (-1555)/((10625/700 - 15) + (-2)/8)?
2, 5, 7, 311
Let a be 5/(10/4) - -143. Suppose -195 = -4*g + a. Let n = g - 83. What are the prime factors of n?
2
Let y be ((-105)/10)/(6/(-8)). Let g be (-1)/(-7) - (-1132)/y. Suppose -4*v + g + 235 = 0. What are the prime factors of v?
79
Suppose 52*w + 12642 = 66*w. List the prime factors of w.
3, 7, 43
Suppose -530*u = -511*u - 51680. List the prime factors of u.
2, 5, 17
Let a = 89 + -84. Suppose -4*f - a*c + 1464 = 0, -2*f + 311 = 3*c - 421. What are the prime factors of f?
2, 3, 61
Let y = -12436 + 36183. List the prime factors of y.
23747
Let j(x) = 11*x**3 - x**2 - 7*x - 3. Let m be j(-2). Let a = 903 + m. What are the prime factors of a?
2, 3, 137
Let b = 60 - 54. Suppose -19 = -b*z + 5. Suppose -83 - z = -3*d. List the prime factors of d.
29
Suppose 4*s - 2*a = 120086, -12*s + 8*s = 5*a - 120051. What are the prime factors of s?
11, 2729
Let j(z) = -z**3 - 28*z**2 + 193*z - 17. What are the prime factors of j(-36)?
41, 83
Let n(p) = 2*p - 7. Let k be n(5). Suppose 3*s - 274 = -4*h, 8*s - 3*h - 447 = k*s. Suppose f - s = -30. List the prime factors of f.
2, 3, 5
Let z(u) = u**2 - 226. Let f(v) = -v - 225. Let m(i) = -3*f(i) + 2*z(i). What are the prime factors of m(0)?
223
Let i(j) be the second derivative of 5*j**4/6 - 19*j**3/6 - 2*j**2 + 63*j. What are the prime factors of i(-8)?
2, 197
Let c(h) = h**2 - 21*h + 34. Let g be c(22). Let s(w) = 4*w**2 + 5*w + 8. Let p be s(-8). Suppose p = 4*r - g. What are the prime factors of r?
2, 5, 7
Let t(r) be the second derivative of 31*r**4/3 - r**2/2 + 16*r. What are the prime factors of t(-1)?
3, 41
Let v be ((-24)/4)/((-6)/(-4))*-1. Suppose -3*y + 3*x + 789 + 2697 = 0, -v*y - 4*x = -4688. What are the prime factors of y?
3, 389
Suppose 0 = 129*s + 21*s + 339895 - 4492945. What are the prime factors of s